m) - 6*y(m). What are the prime factors of p(-11)?
3, 23
Suppose -5*f + 3*v = -13173 - 8136, -4*f + 17055 = -5*v. What are the prime factors of f?
2, 3, 5, 71
Let w(k) = k**3 + 7*k**2 + 3*k + 11. Let r be w(-5). Let c = -33 + r. List the prime factors of c.
13
Let w = -8 - -9. Let o be w + (4 - 2 - 36). What are the prime factors of (-291)/o - 4/(-22)?
3
Let q(x) = 13*x - 117. What are the prime factors of q(30)?
3, 7, 13
Let i = -1167 + 1705. What are the prime factors of i?
2, 269
Let v(j) = j**2 - 18. Suppose -f - 5 = -2*f, 15 = -2*i - f. What are the prime factors of v(i)?
2, 41
Let n be (112/70)/(4/(-50)). List the prime factors of (-3224)/n + (-2)/10.
7, 23
Let r be 0 + 1/((-4)/(-8)). Suppose m - 4*g + 2 = 1, -r*m + 2*g = 2. List the prime factors of (-57)/m + -3 + 0.
2, 3
Let d(p) = 3*p + 4. Let m be d(-2). Let j = 7 - 1. List the prime factors of 520/15 - m/j.
5, 7
Suppose 4*a + p + 876 = 0, -3*p = 2*a - 7*p + 456. Let f = -154 - a. List the prime factors of f.
2, 3, 11
Let y be (-14)/(-8) - (-7)/28. Suppose -149 = -4*j - 5*n, 0*j + y*j - 5*n = 97. List the prime factors of j.
41
Let k = 26 + 233. Suppose -5*r + 349 = 4*x, 3*x = 4*r - 5*r + k. What are the prime factors of x?
2, 43
Let y be -43*(3 + (1 - 3)). Let f = -26 - y. List the prime factors of f.
17
Suppose -25*w + 6603 + 3472 = 0. List the prime factors of w.
13, 31
Suppose 354 - 1926 = -3*g. Suppose g = 3*h - d + 6*d, 4*d = 4. List the prime factors of h.
173
Suppose 13 = -3*q - n + 73, -66 = -3*q + n. What are the prime factors of ((-280)/q)/(-4)*(-210)/(-4)?
5, 7
Let q be 645/3 + (4 - 7). Let c = q - 70. List the prime factors of c.
2, 71
Suppose 0 = -5*g - 3*p, -2*g - 2*p = -5*g. Suppose g = 5*z - 2*z - 111. What are the prime factors of z?
37
Let a(u) = -10*u + 14. Let h be a(-10). Let y = -269 + h. List the prime factors of (48/(-60))/(2/y).
2, 31
Suppose 2*y = -3*x - 4 - 1, 0 = -4*y - 5*x - 7. Suppose 5*t + 8 = -7, -y*r + 4*t = -424. List the prime factors of r.
2, 103
Suppose 0 = -k + 3*j + 17, -7 = -k - j + 2*j. Let l = 7 - 12. List the prime factors of (616/(-70))/(k/l).
2, 11
Let o = -1238 + 2675. List the prime factors of o.
3, 479
Let g(q) = -8*q - 12. Let s be g(12). What are the prime factors of (1 - s) + 1 + 0?
2, 5, 11
Let x = 23 - 21. Suppose -c - 85 = -x*v, -3*v + 5*c + 128 = 4*c. List the prime factors of v.
43
What are the prime factors of 40/1*(0 + 43 - -15)?
2, 5, 29
Suppose -26390 = -6*o + 10288. List the prime factors of o.
6113
Suppose 2*b + 4223 = g, -g + 2994 = 4*b - 1235. What are the prime factors of g?
5, 13
Let q be (-6)/(-9)*(-9)/(-6). Let f be (1*-4)/(-4) - q. Suppose f = a - 32 + 3. What are the prime factors of a?
29
Let p = -1102 - -1272. What are the prime factors of p?
2, 5, 17
Suppose -21*d = -15*d - 3960. What are the prime factors of d?
2, 3, 5, 11
Suppose 0*q = -4*q - 2*q. Suppose -2*p = -p + 5*f - 115, 5*p + f - 527 = q. What are the prime factors of p?
3, 5, 7
Suppose -b + 40 = 9*b. Suppose 0 = 11*y - b*y - 1561. What are the prime factors of y?
223
Let v = 1036 - 660. Suppose 0*y - v = -4*y - 3*i, -y = -4*i - 75. What are the prime factors of y?
7, 13
Suppose -z - 7*z + 1160 = 0. What are the prime factors of z?
5, 29
Let b(a) = a**2 - 10*a + 7. Let m be b(5). List the prime factors of m/(-24) - ((-148)/16 - 1).
11
Suppose -n + 2274 = 4*a, 5*n + 222 = 2*a - 904. List the prime factors of a.
2, 71
Suppose 4*a - 484 = -r, r - 5*a = 424 + 42. What are the prime factors of r?
2, 7, 17
Let q(y) = -y**2 + 9*y + 1. Let b be q(8). Let d = b + -17. Let j = d - -39. List the prime factors of j.
31
Suppose 0*k - 10 = -3*k - q, -1 = k - 4*q. Suppose 0 = -y - k*o + 36 + 42, -y + 92 = -4*o. Let u = -42 + y. What are the prime factors of u?
2, 3, 7
Let s(r) = -6*r + 6. Let z be s(4). List the prime factors of (-2)/(-6) + (-156)/z.
3
Let d(l) = 4*l**2 + 15*l - 1. Let k = 14 - 21. List the prime factors of d(k).
2, 3, 5
Suppose 177 = 8*x - 135. Suppose g + 0*g - 4*c - x = 0, 4*c - 16 = 0. What are the prime factors of g?
5, 11
What are the prime factors of (-7 - -3) + -2 + (4 - -858)?
2, 107
Suppose 7*u - 8*u - 24 = 0. Let r be u/(-84) - (-33)/7. Suppose 2*c + r*o + 1 = 20, 37 = 3*c - o. What are the prime factors of c?
2, 3
Suppose -27*y - 8*y = -40215. What are the prime factors of y?
3, 383
Suppose 14*z + 4*y = 18*z - 284, z = -y + 67. List the prime factors of z.
3, 23
Let g(w) be the first derivative of 7 - 2*w + 7/3*w**3 + 1/4*w**4 + 2*w**2. What are the prime factors of g(-4)?
2, 3, 5
Suppose -36*i - 23*i + 137057 = 0. What are the prime factors of i?
23, 101
Let k = -87 - -105. Suppose 2*u + a + 4*a - 19 = 0, 5*u - 64 = 4*a. Let r = k - u. List the prime factors of r.
2, 3
Suppose -3*u + 5*d = 2*d - 18, d = 3*u - 12. List the prime factors of (1/u)/(685/(-345) - -2).
23
Suppose 44290 = -24*f + 134674. List the prime factors of f.
2, 7, 269
What are the prime factors of 123/(-82) - ((-16506)/4 - 0)?
3, 5, 11
Suppose 3*q - 2 + 8 = 0, 2*r + 10 = 3*q. Let t = 20 - r. What are the prime factors of t?
2, 7
Let d(j) = j**3 + 5*j**2 + 5*j - 4. Let l be d(-4). Let a = l - 0. List the prime factors of a/60 + (-362)/(-15).
2, 3
Let c = -997 - -365. Let r = c - 568. What are the prime factors of ((-2)/5)/(10/r)?
2, 3
Let r be 6*-2*(-2)/(-4). Suppose v + 2*v = 2*y - 5, 0 = -4*y - 2*v + 18. List the prime factors of (-7 - 5)/(r/y).
2
Let h(l) = l + 12. Let p be h(-9). Suppose d - p*d = -2. Let z(g) = 19*g. List the prime factors of z(d).
19
Let j = 38 - 36. Suppose -3*x - 28 = -j*b, -2*b - 2*x + 19 = -19. List the prime factors of b.
17
Let w(y) = y + 2. Let v be w(8). Let p = v + 62. List the prime factors of p.
2, 3
Suppose -5*d - 195 = -0*d. Let j = 20 - d. What are the prime factors of j?
59
Suppose 30*c - 2*m = 34*c - 1426, 4*c - m - 1441 = 0. List the prime factors of c.
359
Let k = 126 - 36. What are the prime factors of k?
2, 3, 5
Let r = 2 - -3. Suppose -2*m = r*x - 184, 2*m = 2*x - m - 66. What are the prime factors of x?
2, 3
Let r = 83 - 83. Suppose 5*h = -r*h - 10, -4*h = -2*y + 252. List the prime factors of y.
2, 61
Suppose -k + 680 = 5*x, -3*x = -4*k + 33 + 2687. Suppose 2*z + k = 7*z. List the prime factors of z.
2, 17
Suppose 328*j + 4*o - 8720 = 325*j, -2932 = -j + 5*o. What are the prime factors of j?
2, 7, 13
Suppose -4*s = -7*s + 222. Suppose 2*n - 4*k = n + 10, 3*n - k - s = 0. What are the prime factors of (-4)/n - (-1765)/65?
3
Let x(c) = 6*c - 19. Let q = -21 - -32. List the prime factors of x(q).
47
Let p(n) = -2 + 0*n**3 + n**3 - 4*n - 2*n**2 - n**2. Let z be p(4). Let h(j) = j**2 - 4*j - 3. List the prime factors of h(z).
3
Suppose -6*a = 211 + 113. Let x = -75 - 0. Let y = a - x. What are the prime factors of y?
3, 7
Let v = -79 - -81. Suppose 5*f - l - 490 = 0, -f + 302 = v*f + l. What are the prime factors of f?
3, 11
Let y(u) = 5*u**3 + 9*u**2 + u + 23. Let l(x) = -x**3 + x**2 + x - 1. Let f be 2*4/24*-3. Let a(j) = f*y(j) - 4*l(j). What are the prime factors of a(-13)?
2, 23
Let g = -182 - -261. Suppose 5*c = 291 + g. List the prime factors of c.
2, 37
Suppose -11*m - 16*m + 51948 = 0. What are the prime factors of m?
2, 13, 37
List the prime factors of 372/10*(-1 - 222/(-12)).
3, 7, 31
Let v(l) = -49*l + 3. Let i be v(-6). Suppose 6*c - c + 5*x - 270 = 0, -4*x - i = -5*c. What are the prime factors of c?
3, 19
Suppose 23 + 13 = 9*a. List the prime factors of (-188)/(-10)*1*(6 + a).
2, 47
Let t(p) = 255*p**2 - 2*p - 1. Let z be t(-2). Suppose 0 = 4*k + 295 - z. What are the prime factors of k?
2, 7, 13
Suppose -4*f + 5*u + 301 = 0, -2*f - 3*u = f - 246. Suppose 8*d - 1169 = f. List the prime factors of d.
2, 3, 13
Suppose -10 + 25 = 3*r. Suppose 0*y = r*y - 305. Suppose y - 1 = 3*i. List the prime factors of i.
2, 5
Suppose -26*k + 2623 + 5931 = 0. What are the prime factors of k?
7, 47
Let r(v) = -v. Let t be r(-1). Let m be 1/(-1 + (-60)/(-57)). Let k = m + t. List the prime factors of k.
2, 5
Suppose 0 = 3*i - t - 3504, -i + 4*t - 6*t + 1175 = 0. List the prime factors of i.
7, 167
Suppose 0 = -4*i - 3*d + 920, -108 + 1261 = 5*i + 3*d. What are the prime factors of i?
233
Let y(i) = -i**3 + 48*i**2 + 43*i + 204. What are the prime factors of y(48)?
2, 3, 7
Suppose -w - 75 = 42. Let f = -223 - w. List the prime fa